*207/(-3). Suppose -t + 6 = -f + 2*x, -f = -5*x - 11. Calculate the greatest common divisor of 28 and f.
7
Let o be 17/(187/22) + (0 - 0). Suppose -v + 2 - 1 = 0. Let s be 16*3*v/3. What is the highest common factor of o and s?
2
Let m = -575 - -835. Suppose 3*u - m = -29. Let j(d) = d**2 - 3*d + 3. Let h be j(4). What is the highest common divisor of u and h?
7
Suppose 9*i + 138 = 3*n + 4*i, 3*n + 5*i - 138 = 0. Suppose -n = -5*j - 41. Calculate the highest common factor of j and 3.
1
Let a(k) = -k**3 - 14*k**2 - 24*k + 32. Let z be a(-12). Let q(r) = -6 + 4*r + 0 - 13*r. Let j be q(-6). Calculate the highest common divisor of z and j.
16
Let i(a) = a**2 - 42*a - 122. Let d be i(46). What is the highest common divisor of 3 and d?
1
Let z = 13 + -22. Let a be (z/12)/(2/(-48)) - 3. Calculate the greatest common factor of 75 and a.
15
Let w be 8/28 + 2584/(-28). Let p = w - -236. What is the greatest common divisor of p and 16?
16
Let y(n) = n**2 - 10*n - 1. Let d be y(-8). Suppose 5*l = -0*l + 35. Suppose -37 - 54 = -l*x. Calculate the highest common divisor of x and d.
13
Let f = 273 + -257. Calculate the highest common factor of 144 and f.
16
Suppose 13 = 51*a - 50*a - 5*k, 3*a + 3*k = 75. Let r be (-2)/(-6) + 1240/6. Calculate the highest common divisor of a and r.
23
Let b be 1 + (-8)/14 + (-471296)/(-1568). Calculate the highest common factor of 7 and b.
7
Let r = -13 - -21. Let i = 3 - 11. Let k(h) = h**2 - 3*h. Let m be k(i). What is the greatest common factor of m and r?
8
Suppose 0 = -4*l + 50 + 258. Let y(x) = -x + 4. Let m be y(-16). Suppose -9*c + 43 = -m. What is the greatest common divisor of l and c?
7
Let y(b) = b**2 + 9*b + 13. Let q be y(-10). Calculate the greatest common factor of 1127 and q.
23
Suppose -5*v - 5*c = -45, 17 = 2*v + 4*c + 1. Let b(o) = o**3 - o - 6. Let u be b(0). Let l = u - -16. What is the highest common divisor of v and l?
10
Let y(r) = 4*r + 9. Let z be y(3). Let x(f) = f**3 + 12*f**2 + 2*f + 3. Let o be x(-5). What is the greatest common factor of z and o?
21
Let b(p) = -3 + 6 + p + 11. Let l be b(-6). Suppose 0*t = -t + l. What is the greatest common factor of t and 12?
4
Let p = 2183 - 1512. What is the greatest common factor of 61 and p?
61
Let x = -173 + 278. Let y be 1*x/(6 - 3). Suppose -y = 4*f - 91. Calculate the highest common factor of 140 and f.
14
Suppose -2*z + 142 = -3*h, 2*z - 2*h + 57 = 3*z. Calculate the greatest common divisor of z and 26.
13
Let i = -1663 + 1672. Calculate the highest common divisor of i and 711.
9
Let i(u) = -u**3 + 6*u**2 + 6*u + 9. Let f be i(-3). Let p = 35 + -17. Calculate the greatest common factor of f and p.
18
Let y(r) = -9*r - 6*r + 13*r + 17. Let p be y(8). What is the highest common factor of 1 and p?
1
Let o be 9*-1*70/(-15). Suppose -a - o = -4*a. What is the greatest common divisor of 154 and a?
14
Let o = -3976 + 5997. Calculate the greatest common factor of o and 47.
47
Suppose 3 + 0 = 3*c, c = -2*f + 5. Suppose 5*q = f*q + 12. Suppose -4*x = 2*n + 45 - 163, x - 40 = -q*n. What is the greatest common factor of x and 4?
4
Suppose -5*a - 4*w = -0*a - 112, -2*a + 2*w + 52 = 0. What is the greatest common divisor of 30 and a?
6
Suppose 2*j = 5*q - 0 + 1, 5*q = -3*j + 14. Let c be (105/(-45) - (-1)/j) + 35. Calculate the highest common factor of c and 165.
33
Suppose -6*d + 653 = -1171. What is the greatest common divisor of d and 380?
76
Let d(b) = 4*b**2 + 5*b + 10. Let f be d(7). Let n = 362 - f. Calculate the greatest common divisor of 11 and n.
11
Let w be 1 + 12988/7 + 327/(-763). Calculate the greatest common factor of w and 58.
58
Suppose -13 = -3*p - y, -2*p - 11*y + 14*y = -16. Suppose 4*j = 5*j - 120. Suppose -3*g = -0*g - j. Calculate the highest common factor of p and g.
5
Suppose 2 + 1 = 3*k. Let d be 72/3 + -3*1. Suppose -s - 13 = -d. What is the greatest common factor of k and s?
1
Let i be 2/6 - 815/(-3). Suppose 81*b + 71*b - 133*b = 646. Calculate the highest common divisor of b and i.
34
Suppose 6*p = 4*p - 4*h - 8, h = 0. Let f be 1*p*(-23 - 5). What is the highest common divisor of f and 28?
28
Let q = 10 - 7. Suppose g - q*g = -48. Calculate the greatest common divisor of 6 and g.
6
Suppose -163*j = -152*j - 660. Calculate the greatest common divisor of 564 and j.
12
Let i be ((-18)/(-12))/((-1)/(-2)). Let h(k) = -k**2 + 7*k - 1. Let w be h(7). Let s be 12/(w/(-15)*i). Calculate the greatest common factor of 24 and s.
12
Let m = 243 - 171. Calculate the greatest common divisor of m and 90.
18
Let i(x) = 80*x - 23. Let q be i(3). Calculate the greatest common divisor of 31 and q.
31
Let i(x) = 2*x**3 + 19*x**2 + 8*x + 11. Let a be i(-9). Suppose -4*d = -7*d - 1332. Let s = d - -624. What is the greatest common factor of a and s?
20
Suppose -24*d + 3*d = -714. What is the highest common factor of 8 and d?
2
Let r(x) = 39*x**2 + 4*x + 3. Let o be r(-1). Let b = 51 - o. Suppose 0 = n + 2*w - 7 - b, 0 = -3*n + w + 25. What is the greatest common factor of 20 and n?
10
Let b(j) = -2*j - 5*j + 2*j + 3 - 4*j**2 + 15*j**2. Let d be b(3). Calculate the highest common factor of d and 58.
29
Suppose 3*l + 115 = 3*c + 1, -l = 0. Calculate the greatest common factor of c and 1026.
38
Let p = 112 - 71. Let d(u) = -2*u**3 - 10*u**2 - 11*u - 15. Let x be d(-6). What is the greatest common divisor of x and p?
41
Let w = -70 + 73. Suppose -55 = -w*o - 2*o. Calculate the highest common divisor of 22 and o.
11
Let k = -5488 + 5494. Suppose 45 = 5*t - 5*u, -2*u = 4*t + 13 - 31. Calculate the highest common factor of t and k.
6
Let a be 44/154 - (-1046)/14. Calculate the highest common divisor of a and 175.
25
Let a = 10 - 1. Let b be (-356)/(-3) + -4 - (-14)/6. Calculate the highest common divisor of a and b.
9
Let i = -278 + 187. Let u = -26 - i. Calculate the greatest common factor of 52 and u.
13
Suppose 16 = 3*p - 14. Let c(l) be the first derivative of l**3/3 + 3*l**2 - 20*l - 11. Let x be c(p). Calculate the greatest common factor of 20 and x.
20
Let f be -3 - (-2)/(6*6/1566). Calculate the highest common factor of f and 602.
14
Suppose -2*i + f = -61, 4*i - i + f - 79 = 0. What is the greatest common divisor of i and 35?
7
Suppose -3*y + y - 2*y = 0. Suppose 2 = i - y*i, 4*i - 68 = -5*u. What is the highest common divisor of 24 and u?
12
Let y = -175 - -247. What is the highest common factor of y and 96?
24
Suppose -27*v = -4*v - 299. What is the highest common divisor of 299 and v?
13
Suppose -100 = -2*h + 4*r, 0 = -4*h + 6*h - 3*r - 99. Suppose 5*z - 27 = -5*o + 8, z = 4*o - h. Calculate the highest common factor of o and 33.
11
Let v(x) = -4*x**2 + 2. Let f(b) = -12*b**2 + 5. Let m(y) = -3*f(y) + 8*v(y). Let d be m(-1). Let k = 18 - 8. What is the greatest common factor of d and k?
5
Suppose 3120 = -8*m + 3*m. Let c be (m/(-44) - -5) + (-2)/11. Calculate the highest common divisor of 19 and c.
19
Suppose 5*z = 4*t - 9*t - 190, 0 = -4*t + 8. Let j be z/140 + (-282)/(-7). Calculate the greatest common factor of j and 10.
10
Suppose -5*z - 339 = 22*h - 23*h, -4*h - 3*z = -1264. What is the greatest common factor of h and 29?
29
Suppose 20 = p + 18. Suppose 63 = z + 5*s, -p*s + 39 = 2*z - 63. Calculate the greatest common divisor of z and 12.
12
Let v(p) = p**2 - 7*p + 14. Let l be v(7). Let z = 26 - l. Let d be (-102)/(-3 + 28/z). What is the greatest common divisor of 17 and d?
17
Let i(l) = 39*l. Suppose -5*t = -3*g + 2, -5*g + 4*t = 10 - 35. Let k = g - 8. Let z be i(k). Calculate the greatest common divisor of 13 and z.
13
Let f = -291 + 435. Let p be (-13)/(39/(-36))*-1. Let h be 292/16 + 3/p. What is the greatest common divisor of f and h?
18
Let x(l) be the first derivative of -l**4/4 - l**3 + 32*l + 10. Let d be x(0). What is the highest common divisor of 352 and d?
32
Suppose -2*u + 3*u - 14 = 0. Let x = 16 + u. What is the highest common factor of x and 10?
10
Let y be 16/2 + 2/4*-2. Let b be -2*15/20*(-224)/6. Calculate the greatest common factor of y and b.
7
Suppose -19*p = -7501 - 1695. What is the highest common factor of 44 and p?
44
Suppose -5*j + 2*b + 2 = -10, -j = b - 1. Suppose -16 = -3*q + j*c, 2*c + 13 = 4*q + c. Suppose 3*d - q = 34. What is the highest common factor of d and 8?
4
Let f be 11 + -4 + -5 + 10. Calculate t